 = 43 - -9. Suppose -4*n + 2*q + 374 = -0*n, -4*n + 395 = 5*q. Let i = n - j. Is i prime?
True
Let y be (-2036)/(-6) + (-4)/(-6). Let l be (4/(-5))/(2/y). Let m = 327 + l. Is m a composite number?
False
Suppose -h = -5*o + 7, -4*o + 3*o + h = 1. Let k be (o - 5)*(-1 - 0). Let b(l) = 2*l**3 - l + 4. Is b(k) a prime number?
False
Is (-10)/(9/((-234)/4)) prime?
False
Let i(y) = y**2 + 4*y - 3. Let u be i(-5). Let k = 5 - u. Suppose o - k*o + 6 = 0. Is o prime?
True
Let k = 1 - 4. Let q be 3/(-2) + k/(-2). Suppose 3*h + q*h = 339. Is h a composite number?
False
Suppose 5*d = -4*h + 86, -3*d = -2*d + h - 18. Let n = d - -12. Is n a composite number?
True
Let k(z) = -77*z + 7. Is k(-6) composite?
True
Suppose -3*s - r = -2*s - 7, -r = -3*s + 21. Suppose d - 3 = s. Suppose d*v = 5*v + 50. Is v a composite number?
True
Suppose 1534 = -0*h + 2*h + 5*w, -767 = -h + 2*w. Is h a composite number?
True
Suppose 0 = 5*y - 3*i - 454, -2*i + 3 = 2*y - 169. Let f = y + -193. Is ((-5)/(-4))/((-2)/f) a composite number?
True
Let j = -840 - -1235. Suppose -3*b + j = 2*b. Is b prime?
True
Let b be (-2 - (-2 + -5)) + 2. Let a(n) = 2*n**2 - 2 + 3*n + 0 + 5*n**2 - n**3. Is a(b) prime?
True
Let w(n) = 3*n**3 - 3*n + 2 - 3 + 4 - 2*n**2. Suppose -j + 6 - 4 = 0. Is w(j) prime?
True
Suppose 2*s - 34 = 100. Is s a composite number?
False
Let n(d) = -d**3 - 3*d**2 - d + 2. Let p be n(-2). Let i = p - -6. Is i composite?
True
Let i(z) = -z**2 - 5*z - 4. Let x be i(-3). Suppose 274 = -x*l + 26. Let s = -75 - l. Is s composite?
True
Is ((-35)/28)/((-2)/584) a prime number?
False
Suppose 0 = -4*l - 395 + 1159. Is l composite?
False
Suppose -2 = 4*k + 3*j + 2*j, -2*k + 8 = -2*j. Suppose -k*n + 12 = -2. Is (2 - n/3)*-69 a composite number?
False
Is -3 + 3/(3/1) - -635 a composite number?
True
Suppose -12 = -4*l + 28. Let v = 33 - l. Is v composite?
False
Let n(c) = 16*c - 2. Let x be n(2). Let g = x - 11. Is g a prime number?
True
Let h = -653 - -1730. Is h a composite number?
True
Suppose -2*x + u + u + 46 = 0, -2*u = 4*x - 74. Let w = 1 + -8. Let n = x + w. Is n a prime number?
True
Suppose 5*q - 14 = 26. Let x = 6 + q. Is x composite?
True
Let c(v) = 9*v + 10. Is c(3) a prime number?
True
Let m = -4 + 6. Suppose -844 = -4*i + m*z - 4, 4*i - 832 = -2*z. Is i a composite number?
True
Let k be (1 - 0)*(1 + 4). Suppose 0 = l - k*n + 14, 2*l + 2*n = -0*l + 32. Is l prime?
True
Let y = 303 + -176. Is y a prime number?
True
Suppose 1037 = 4*l + 3*v, 2*l + 216 - 715 = 5*v. Is l a prime number?
True
Suppose -3*s = 3*v, 3*s + 2 + 2 = -5*v. Suppose -s*g = 6 - 14. Suppose -g*k + 9 = -143. Is k composite?
True
Let a(z) = 10*z**2 - 2*z + 13. Is a(-12) a composite number?
True
Suppose 8*g = 3*g - 80. Let f = 66 + -35. Let m = f - g. Is m a prime number?
True
Let x(o) = 13*o**2 + o + 1. Let h(n) = n**2 - 2. Let y be h(-2). Suppose 0*z - y*z + 10 = -2*d, 4*d - 3*z + 17 = 0. Is x(d) prime?
False
Let o = 7 - 12. Let w be (-2536)/(-10) + (-2)/o. Suppose 0*a - 2*a = -w. Is a prime?
True
Suppose -2*s + 3*z + 66 = 0, -4*z = -2*s + z + 66. Suppose 63 = -4*c + 4*q - s, c + 4*q = -34. Let h = -11 - c. Is h a prime number?
False
Suppose -10 = 5*b - 0. Let x(m) = 2*m**2 + 3*m + 2. Is x(b) a composite number?
True
Suppose 3*x + x = -4*r, -6 = x + 4*r. Let j be (-2)/((-2)/21) - x. Let n = j - -16. Is n prime?
False
Let p(f) = -2*f**2 - 2*f - 3. Let o be p(3). Let a be (-9)/o + (-185)/(-3). Let u = 99 + a. Is u composite?
True
Let r(w) = -w**2 - 4*w - 1. Let b be r(-3). Suppose -4*o + 364 = 4*c, o + b*c = -0*o + 87. Suppose -o = -7*g + 2*g. Is g prime?
True
Is -1*185*-1 + 0 a prime number?
False
Suppose 4*i + 2*k - k = 102, 4*k = -4*i + 96. Is 4/i - (-271)/13 a composite number?
True
Suppose 4*o - 5*s + 398 = 8*o, -3*o + 2*s = -287. Is o a prime number?
True
Suppose -m - 3*m = 8. Is ((-22)/8)/(m/24) a composite number?
True
Is 673/(((3 - 2) + 1)/2) a prime number?
True
Let k = -6 + 8. Suppose -k*z - 134 = -0. Let f = z + 278. Is f composite?
False
Let c(t) = -t**2 - 2*t - 6. Let k(r) = -2*r**2 - 5*r - 13. Let a(h) = 5*c(h) - 3*k(h). Is a(8) prime?
True
Suppose -3*d + 2370 = 3*d. Is d a composite number?
True
Suppose -2*w - 2*p = 2*p - 6, 0 = 2*p - 10. Let c = w - -26. Let q = 56 - c. Is q composite?
False
Suppose -8 = 3*c + 5*t - 1, 3*c = 3*t + 9. Is c + 82 + 6/3 prime?
False
Suppose 59 = -5*r - u - 2*u, -u + 7 = -r. Let f = r - -41. Is f composite?
False
Suppose -11*i = -10*i - 1973. Is i a composite number?
False
Let w(s) = 983*s + 1 + 3 - 4. Is w(1) prime?
True
Suppose -n + 9 = s, -2*n + s = -0*n - 6. Suppose q + n*c = 15, -3*c + c + 6 = 0. Suppose k = -j + 56, 2*k + 3*k - 2*j - 273 = q. Is k a prime number?
False
Let x(k) = -k - 3. Let g be x(-3). Let z(t) = 0 + g + 3*t. Is z(1) a prime number?
True
Suppose -39 = -3*n - 0*n - s, -6 = -n + 2*s. Suppose 4*a = a + n. Suppose -a*l = v - 505 - 133, 3*v + 630 = 4*l. Is l composite?
True
Let p = 3 - 1. Suppose -t - 101 = -s, -3*s - 404 = 4*t + p*s. Let d = -68 - t. Is d composite?
True
Suppose 10*u = 2*u + 2440. Is u prime?
False
Suppose -z + 11 = -4*m + 39, 4*m - 12 = 5*z. Suppose 4*l - m*l = -12. Is l a composite number?
False
Let f(i) = -523*i - 54. Is f(-4) a composite number?
True
Let g be (3 - 2)/(1/2). Suppose 16 = 3*y - g*j, 0 = 2*j + 2*j + 20. Suppose y*t = 623 - 217. Is t a prime number?
False
Let v be ((-2)/3)/(2/(-9)). Suppose j - v*u = 65 + 24, 3*u - 6 = 0. Is j a prime number?
False
Is 391*(-5)/(-5 - 0) a composite number?
True
Suppose -b - 566 = -5*f - 4*b, 15 = -5*b. Is f a prime number?
False
Let z be (4 + (-39)/9)*0. Suppose -3*d = -p + 99, 0*p - 3*p - d + 337 = z. Is p a prime number?
False
Let h(j) = 133*j**2. Let b = 5 - 6. Is h(b) composite?
True
Let h(z) = -z**3 - 4*z**2 + z. Let g be h(-4). Let a be ((-9)/12)/(1/g). Suppose -5*w + 3*w - 4*t = -40, 0 = -3*w - a*t + 69. Is w prime?
False
Suppose 3*a - m - m = 786, 524 = 2*a - m. Is a a prime number?
False
Let r(k) = k - 5. Let t be r(4). Is -1 + (t + 2)*16 composite?
True
Let i(f) = 5*f**2 - 3*f - 3. Let r(g) be the first derivative of -26*g**3/3 + 7*g**2 + 16*g + 3. Let h(n) = 11*i(n) + 2*r(n). Is h(-4) a prime number?
True
Suppose 0 = 8*a - 10*a - 40. Let b = 23 + a. Is b a composite number?
False
Let i = 311 + -142. Is i/2 - (-6)/(-4) a prime number?
True
Suppose 0 = -j - j + 4. Suppose j*l + 6*h - h - 336 = 0, -3*h - 157 = -l. Is l a prime number?
True
Suppose -6*i = -3*i + 3. Let f = i + 4. Suppose 4*q - 3 - 18 = f*x, -2 = -2*x. Is q a prime number?
False
Let h(l) = -2*l + 2. Let c be h(-6). Is c/(1/67*2) composite?
True
Suppose -3 = -5*v + 22. Suppose 4*q = 11 + v. Suppose 3*i - 3*a - 69 = 0, -4*a + 9*a = -q*i + 92. Is i a composite number?
False
Suppose 707 = 4*k + 5*b, -905 = -k - 4*k - 2*b. Is k composite?
True
Let p(k) = 7*k**3 - 2*k**2 - 19*k - 23. Let w(q) = 3*q**3 - q**2 - 9*q - 11. Let u(j) = -4*p(j) + 9*w(j). Is u(-6) a composite number?
True
Let v be (5/(-2))/((-4)/296). Suppose -85 = -5*d + v. Suppose 21 = -3*c + d. Is c composite?
False
Let y(j) be the third derivative of j**6/120 - 7*j**5/60 + 7*j**4/24 + 2*j**3/3 + 2*j**2. Is y(7) a composite number?
False
Is -283*10/(-6) + (-4)/6 a prime number?
False
Let a(t) = -9*t + 7. Let l(i) = 9*i - 6. Let f(p) = 2*a(p) + 3*l(p). Let q = 0 + 7. Is f(q) a composite number?
False
Let c(j) = 5*j - 28. Let g(p) = p - 7. Let o(r) = 2*c(r) - 9*g(r). Let x be o(-7). Suppose -3*u - u + 652 = x. Is u composite?
False
Let q = -740 - -1381. Is q prime?
True
Let x(u) = -u**2 + u + 1. Let d(t) = 4*t**3 + 6*t**2 - 9*t - 2. Let l(w) = -d(w) - 6*x(w). Let f be l(-3). Suppose f = 7*i - 2*i. Is i prime?
True
Let d(h) = -8*h + 1. Let v be d(1). Is ((-7)/(-2))/v*-238 prime?
False
Suppose 3*d + 3*u - 25 = 7*u, 5*d - 30 = -5*u. Suppose -m + 48 + d = 0. Is m composite?
True
Suppose -2*z - 2*r = z - 763, r = -z + 255. Suppose 207 = 4*m - z. Is m composite?
True
Let k(o) be the first derivative of -o**2/2 - o + 1. Let w be k(-6). Suppose 4*l - l - m - 199 = 0, w*l + 5*m - 345 = 0. Is l a composite number?
False
Suppose 170*d - 165*d - 24895 = 0. Is d a composite number?
True
Let p = -18 + 69. Is p prime?
False
Let n be (-150)/4*-1*-2. Let m = 93 + 40. Let t = n + m. Is t a prime number?
False
Suppose -4*p - 1240 = -0*p. Let u be p/15 + (-2)/(-3). Le